r?
True
Suppose -9*j = -4*o - 5*j - 14876, -3*j = 3. Let p = 7085 + o. Is p a prime number?
False
Suppose -1736 = -206*x + 199*x. Let y = 135 + -52. Let h = x + y. Is h a composite number?
False
Let i = 42160 - 25907. Is i composite?
False
Let s be 2/(1 + 1) + (-8703)/9. Let i = -637 - s. Is i a prime number?
False
Let q(p) = 8*p**2 + 5*p + 6. Let s be q(-4). Suppose -s = -4*w + 10. Is w prime?
True
Let i(p) = -99*p - 8. Let x(m) = -m**3 + 15*m**2 + 5. Let y be x(15). Let h(j) = -j**2 + 5*j - 7. Let k be h(y). Is i(k) a prime number?
False
Let y be 451/(2 - 4/4). Let c = y + -201. Let x = -123 + c. Is x a composite number?
False
Let f = -27458 + 38859. Is f prime?
False
Let b be 7/(28/(-3))*1532/(-1). Suppose 2*z - 3307 = -3*d - b, 2*z + 4*d - 2158 = 0. Is z composite?
True
Let j(k) = 8*k - 14. Let m be j(8). Suppose -4*w = -d - 6*w + m, -140 = -3*d - w. Is d prime?
False
Suppose 5*q + 0*q - 5*i - 35 = 0, q = 3*i - 3. Suppose -w + q = 2*w. Suppose -t + 921 = w*t - 2*d, -d - 3 = 0. Is t a prime number?
False
Suppose 12*q - 8*q + 2*y - 96102 = 0, -5*q + 120132 = y. Is q composite?
True
Let s(w) be the second derivative of -w**3/6 - 5*w**2 + 6*w. Let o be s(-13). Is (-2 + o)/1*631 a prime number?
True
Let w be (15/(-10))/((-6)/712). Suppose 3*i - 130 = -2*a, -4*a = -4*i - 2*a + w. Let r = i + -5. Is r prime?
False
Suppose 2*w - 3*w = -4*s + 4200, -2*s + 2*w + 2100 = 0. Suppose 5*i = 2*a - 435, -2*a - 5*i = -7*a + s. Is a a composite number?
True
Let w(f) = -49*f + 80. Is w(-37) a composite number?
True
Suppose l + v + 3 = 0, 5*l = -3*v - 4 - 3. Is 102132/(-18)*l/(-2) prime?
True
Let k be -1 + (4 + 26)/5. Suppose 3*n + 180 = 4*m + 1365, -m + 1952 = k*n. Is n composite?
True
Let q = 17033 - -22260. Is q composite?
False
Suppose 2*u + 2*u + 20 = 0, -u = -4*i + 17. Is ((-120)/45)/((-2)/i) composite?
True
Let x(f) = -f**3 - 4*f**2 + 6*f + 6. Let s = 33 + -66. Let d = s - -26. Is x(d) a prime number?
False
Suppose 2148 = 2*w + 2*p, -4*w + 1205 = -3*p - 3056. Is w a composite number?
False
Let z be (-8)/12 + (-148)/3. Let v be z/(-8)*(12 - 0). Let x = -28 + v. Is x a prime number?
True
Let h = 4873 - -2448. Is h a composite number?
False
Suppose x - 7 = -0*x. Let j(d) = -d**3 + 7*d**2 + 4. Let h be j(x). Suppose -k + 93 = -h. Is k a composite number?
False
Suppose 0*g + g = 0. Suppose 4*y = i - 38, y - 4*i + 2 + 0 = g. Let p = 24 + y. Is p a composite number?
True
Let h(j) = -j**2 + 3*j. Let l be h(3). Suppose 1 = -2*b - 1, 4*p - 5*b - 17 = l. Suppose p*o - 633 = -2*d, -5*o + 1055 = -2*d + 4*d. Is o a prime number?
True
Let a be 5 + 0 + 4 + 4. Suppose 0 = a*m + m - 8722. Is m prime?
False
Suppose 5*t = -3*m - 16, -2*t + t + 7 = 4*m. Suppose -3 + 15 = m*b. Suppose 4*u = b*g + 308, -7*u = -2*u - g - 405. Is u composite?
True
Is 35248/(-24)*(-9)/2 prime?
False
Suppose 2*j - 2*m - 6462 = -0*m, 5*m - 16135 = -5*j. Is j prime?
True
Let v = -11 - -21. Suppose -1203 = -v*p + 13*p. Let z = p - -727. Is z a prime number?
False
Suppose 191*p + 414015 = 206*p. Is p a prime number?
False
Is (-1)/(-3) + (-80)/(-30) + 1210 composite?
False
Let j(f) = -6*f + 7. Suppose 4*p = -16, t - 5*t - 16 = -2*p. Let y be 21/t*(-2)/(-1). Is j(y) a prime number?
False
Let p = -5980 - -9967. Suppose -5*z = -2*z - p. Is z a prime number?
False
Suppose k + 2*k = -f + 1, -4*f + 18 = -2*k. Let r(q) = -15*q**2 - 4*q - 6. Let s be r(f). Let i = s - -449. Is i a prime number?
False
Suppose -25*g - 720 = -35*g. Let m(c) = 23*c**3 - 3*c + 1. Let u be m(2). Let k = u + g. Is k prime?
True
Let y be -1*(-4)/(-4) - 8. Let m = -7 - y. Is (m/(-4))/(1/(-46)) prime?
True
Let w(n) = 190*n + 1. Suppose 16 + 14 = 5*a. Let j be (21/a)/7*2. Is w(j) composite?
False
Suppose 2*p - 4*c - 20 = 0, -4*p - 3*c = -3*p + 15. Let w be p*3/6 + 4. Suppose -3*m + 2*n + 0*n + 437 = 0, 0 = 2*m - w*n - 278. Is m a prime number?
True
Suppose 10*g + 2155 = 15*g. Let a = g + -12. Is a a prime number?
True
Let a = 29 + -29. Suppose a = 107*r - 111*r + 184. Is r a composite number?
True
Is ((-55885)/(-5))/(0/(-7) - -1) a prime number?
True
Let z(p) = -71 + 61 + 36 - 81*p. Is z(-9) a prime number?
False
Let b(v) = v**2 + 4*v + 4. Let a be b(-4). Let m = -12 + 20. Is a/16 + 3270/m composite?
False
Let n(q) = -q + 2. Let u be n(3). Let b(z) = -152*z + 5. Is b(u) composite?
False
Let c(k) = 38*k**3 + 7*k**2 + 11*k - 35. Is c(6) a prime number?
False
Let o be (5 + -8)/(1/(-97)). Let z = o + -142. Is z composite?
False
Let p(z) = 3*z**2 - 10*z - 7. Let o be p(-6). Suppose m = w - 2 + 6, -2*m + 8 = w. Suppose w*d + 4*h + o = d, 3*d = -4*h + 435. Is d a composite number?
False
Let a(b) = -b**2 + 6*b - 3. Let t be a(5). Suppose -t*s - 3*h + 16 = -4, -2*h = -4*s + 8. Let w(k) = 18*k**2 - 5*k - 1. Is w(s) composite?
True
Suppose 40*q - 25*q = 20775. Is q prime?
False
Suppose 8*q + 24768 = 66776. Is q a composite number?
True
Let r be (3/(-2))/((-2)/(-8)). Let g be (148/r)/((-2)/(-3)). Let x = g - -60. Is x prime?
True
Let b be 33/22*52/6. Suppose -4*p + b - 1 = 0. Is (3 + -6)/(p/(-38)) a prime number?
False
Is (-28)/(-224) - (-21285)/24 a prime number?
True
Suppose -4*i - 5*m = -72467, 36235 = 2*i - 0*i + 3*m. Is i a prime number?
False
Suppose 2850372 = -41*f + 77*f. Is f a composite number?
True
Suppose 142 = 2*j - c, -2*j + 3*j - 81 = 3*c. Is j a composite number?
True
Let t(l) = 187*l + 7. Let h be t(-5). Let a be h/(-22) + (-2)/11. Suppose 5*j - 2*j = 2*g - a, -4*g + 68 = -2*j. Is g prime?
False
Suppose f = -3*p + 7, 0*f - f - 8 = -2*p. Suppose r - 28 = -3*n, 0 = -5*n + p*n. Suppose -2*m = r - 138. Is m prime?
False
Suppose -4*q - 9 = -3*v - 39, -v + 2*q - 12 = 0. Let o be (-3)/v - (-6)/(-4). Is 2 + (o + 203 - 1) a prime number?
False
Let m = 4656 - 2503. Is (1 - 0)*-3*m/(-3) a prime number?
True
Let p(c) = 3*c**2 + 3*c - 2. Let l be p(1). Suppose -3*t + 703 = -2*b, -2*t + b - 478 = -l*t. Is t a prime number?
False
Let g = -103 + 5165. Suppose 5*y = 693 + g. Is y a composite number?
False
Let o(v) = -14*v + 18 - v**3 + 2*v**2 - 2*v**2 - 26. Is o(-5) composite?
True
Let l(t) = -t**2 + 14*t - 2. Let b be l(14). Is (-1)/b*(17 + 821) prime?
True
Suppose 2*u - 38 = -14. Suppose -5715 = -u*x + 2889. Is x composite?
True
Suppose 5*w = h - 0*h + 8, 3*w = 5*h - 4. Let t(b) = -b**3 + 8*b**2 - 10. Let a be t(7). Suppose w*p - 173 = -a. Is p a composite number?
False
Suppose d = 4*o + 13411, 5*d + 10041 = o - 4*o. Is o/(-4)*1/2 prime?
True
Suppose -2*p + 1146 = 3*u, 8*p - 5*p = 2*u + 1693. Suppose -5*w = -c + 4*c - 558, -3*c = 2*w - p. Is c prime?
True
Suppose 2*q = -8, -2*q - 16 = -4*b - 0*q. Suppose -b*h + 0*j + 5*j + 8 = 0, 0 = 3*h + j - 29. Is ((-151)/(-2))/(h/90) a composite number?
True
Let x(h) = -h**3 - h**2. Let y be x(0). Suppose y = -2*z + 6*z + 168. Is (-6)/(-1 + z/(-46)) composite?
True
Let v be 1/(-4) + (-16917)/(-4). Suppose v = 4*i - 5*p, -3663 - 584 = -4*i - p. Is i a prime number?
True
Let p = 15 + -15. Suppose -3*l + p = 5*m - 44, -5*l = m. Suppose 13*r - m*r = 354. Is r composite?
True
Suppose -448 = 4*s - 6*s + o, -230 = -s - o. Is ((s + 0)/2)/(20/580) a prime number?
False
Suppose 3*m = -c + 7, 4*m = c + 5 + 9. Suppose -7 = -m*v + 5. Suppose -q - v*t = -4*q + 355, 2*q - 246 = 5*t. Is q prime?
True
Suppose 13 = -8*h + 61. Suppose h*t = -3665 + 10835. Is t prime?
False
Suppose -3*q - 3*s + 27 = -0*q, 2 = -s. Let v be ((-15)/2)/(9/(-12)). Is v - q - (-112 + 0) a prime number?
False
Let d(p) = 54*p**2 - 15*p + 11. Is d(10) prime?
True
Let j(r) = -5 + 2 + 4 - 8*r - 15*r. Let g be (-2)/(((-14)/4)/(-7)). Is j(g) a composite number?
True
Suppose -12*z + 37 = 13. Suppose -r = 4*g - 129, 4*g + g - 273 = -z*r. Is r a composite number?
False
Suppose -224507 = -5*j - 46312. Is j prime?
False
Suppose -2*h = -3*p - 4429, -4*p + 2653 + 1755 = 2*h. Suppose -a - y = -1096, -h = -0*a - 2*a + 4*y. Is a prime?
False
Let s(z) = z**2 - 19*z + 21. Let w be s(18). Suppose -1174 = -w*h + h. Is h prime?
True
Let z = -24 - -32. Suppose -36981 = -i - z*i. Is i a prime number?
False
Let c = 16 - 11. Suppose c*m - 1242 = -m. Let n = -128 + m. Is n composite?
False
Suppose 14*m - 6*m = -10896. Let b = -775 - m. Is b a composite number?
False
Suppose -30*c - 149195 = -35*c. Is c a prime number?
False
Is (27/36)/((-3)/(-18028)) a prime number?
True
I